{"id":783,"date":"2025-04-04T17:12:38","date_gmt":"2025-04-04T15:12:38","guid":{"rendered":"https:\/\/lacroiseedeschemins49.fr\/?page_id=783"},"modified":"2025-04-04T17:17:34","modified_gmt":"2025-04-04T15:17:34","slug":"reglement-interieur","status":"publish","type":"page","link":"https:\/\/lacroiseedeschemins49.fr\/index.php\/reglement-interieur\/","title":{"rendered":"R\u00e8glement int\u00e9rieur"},"content":{"rendered":"\n<p><strong><u>R\u00e8glement int\u00e9rieur de notre g\u00eete La Crois\u00e9e des Chemins&nbsp;<\/u><\/strong><\/p>\n\n\n\n<p>Nous sommes ravis de vous accueillir au sein de la Crois\u00e9e des Chemins.<\/p>\n\n\n\n<p>Nous vous remercions de prendre connaissance de notre r\u00e8glement, indispensable au bon fonctionnement de notre g\u00eete.<\/p>\n\n\n\n<p>Nous restons, bien s\u00fbr, \u00e0 votre disposition, pour toute information compl\u00e9mentaire.<\/p>\n\n\n\n<p><strong>Arriv\u00e9es&nbsp;\/ D\u00e9parts&nbsp;:<\/strong><\/p>\n\n\n\n<p>&#8211; <strong>Les arriv\u00e9es<\/strong> se font l\u2019apr\u00e8s-midi de 17h jusqu\u2019\u00e0 20 h<\/p>\n\n\n\n<p>Nous vous remercions de nous pr\u00e9venir de l\u2019heure approximative de votre arriv\u00e9e pour faciliter votre accueil. Nous vous ferons alors visiter le g\u00eete, transmettrons les informations n\u00e9cessaires pour votre s\u00e9jour et ferons un \u00e9tat des lieux avec vous.&nbsp;<\/p>\n\n\n\n<p>En cas de retard, veuillez nous pr\u00e9venir par mail <a href=\"mailto:lacroiseedeschemins49@gmail.com\">lacroiseedeschemins49@gmail.com<\/a> ou par t\u00e9l\u00e9phone&nbsp; au 06 07 55 65 68.&nbsp;<\/p>\n\n\n\n<p>&#8211; <strong>Les d\u00e9parts<\/strong> se d\u00e9roulent le matin jusqu\u2019\u00e0 10h. Avant l&rsquo;\u00e9tat des lieux de sortie, vous devrez restituer les locaux dans l&rsquo;\u00e9tat o\u00f9 vous les avez trouv\u00e9s : rangement et remise en place des meubles, sols propres, r\u00e9frig\u00e9rateur vid\u00e9 et lav\u00e9, poubelles vid\u00e9es, tri\u00e9es et sorties dans le local ext\u00e9rieur. Le m\u00e9nage complet des pi\u00e8ces du g\u00eete est \u00e0 effectuer si la \u00ab prestation M\u00e9nage&nbsp;\u00bb n&rsquo;a pas \u00e9t\u00e9 choisie.&nbsp;<\/p>\n\n\n\n<p><strong>R\u00e8gles de vie commune&nbsp;:<\/strong><\/p>\n\n\n\n<ul class=\"wp-block-list\">\n<li>La Crois\u00e9e des Chemins est un lieu de vie : le nombre maximal d&rsquo;occupants ne peut exc\u00e9der la capacit\u00e9 d&rsquo;accueil maximale soit 7 personnes aussi bien \u00e0 l&rsquo;int\u00e9rieur du g\u00eete que pour les espaces ext\u00e9rieurs.<\/li>\n\n\n\n<li>Nous vous invitons \u00e0 profiter de tous les espaces de vie \u00e0 votre disposition et d&rsquo;en faire bon usage, conform\u00e9ment \u00e0 la destination de ces lieux.\u00a0<\/li>\n\n\n\n<li>Nous vous demandons de respecter <strong>un volume sonore raisonnable <\/strong>afin depr\u00e9server la tranquillit\u00e9 de tous \u00e0 l\u2019int\u00e9rieur et \u00e0 l&rsquo;ext\u00e9rieur de la propri\u00e9t\u00e9. Il est interdit de faire du bruit le soir apr\u00e8s 22h et avant 8h du matin.<\/li>\n\n\n\n<li>Il est formellement <strong>interdit de fumer ou vapoter<\/strong> \u00e0 l\u2019int\u00e9rieur du logement.<\/li>\n\n\n\n<li>Les animaux ne sont pas admis dans l\u2019enceinte de la propri\u00e9t\u00e9.<\/li>\n\n\n\n<li>Les enfants, \u00e9voluant au sein de la propri\u00e9t\u00e9, sont sous l\u2019unique responsabilit\u00e9 de leurs parents. Nous vous demandons de <strong>ne pas laisser vos enfants seuls <\/strong>dans la piscine ou \u00e0 proximit\u00e9 de celle-ci, ainsi qu\u2019aux abords de la ferme.<\/li>\n\n\n\n<li>Le labo de Clarisse est un lieu de travail\u00a0; il n\u2019est donc pas accessible aux h\u00f4tes except\u00e9 lors des ateliers de confection de galettes et\/ou de cr\u00eapes.<\/li>\n<\/ul>\n\n\n\n<p>Nous nous r\u00e9servons le droit d\u2019\u00e9courter votre s\u00e9jour en cas de non-respect des r\u00e8gles du \u00ab&nbsp;vivre ensemble&nbsp;\u00bb &nbsp;; celui-ci vous sera alors factur\u00e9 dans sa totalit\u00e9.<\/p>\n\n\n\n<p><strong>Respect des locaux et du mat\u00e9riel mis \u00e0 disposition<\/strong>&nbsp;:<\/p>\n\n\n\n<ul class=\"wp-block-list\">\n<li>Vous vous engagez \u00e0 rendre la chambre et les parties communes propres et en parfait \u00e9tat \u00e0 la fin du s\u00e9jour, \u00e0 d\u00e9clarer et assumer financi\u00e8rement toute d\u00e9gradation \u00e9ventuelle dont vous pourriez \u00eatre responsables.<\/li>\n\n\n\n<li>Un d\u00e9p\u00f4t de garantie de 500 \u20ac vous sera demand\u00e9 (sur ch\u00e8que s\u00e9par\u00e9, non encaiss\u00e9) \u00e0 votre arriv\u00e9e pour r\u00e9pondre \u00e0 la perte ou aux d\u00e9g\u00e2ts qui pourraient \u00eatre occasionn\u00e9s au sein du g\u00eete. Si aucun dommage n&rsquo;est constat\u00e9 \u00e0 la suite de l&rsquo;\u00e9tat des lieux de fin de s\u00e9jour, le ch\u00e8que sera restitu\u00e9 sous 8 jours. Dans le cas contraire, cette caution sera rendue deux mois maximum apr\u00e8s la date de d\u00e9part, avec d\u00e9duction de la somme \u00e9quivalente du montant des r\u00e9parations ou des achats n\u00e9cessaires pour remplacer des objets perdus.<\/li>\n<\/ul>\n\n\n\n<p><strong>Vols \/ Accidents&nbsp; :<\/strong><\/p>\n\n\n\n<ul class=\"wp-block-list\">\n<li>Nous d\u00e9clinons <strong>toute responsabilit\u00e9 en cas de vol <\/strong>(objets personnels de valeur\u00a0: bijoux, appareils multim\u00e9dia, moyens divers de paiement, \u2026 ) <strong>ou de dommage corporel <\/strong>survenu dans la propri\u00e9t\u00e9.<\/li>\n\n\n\n<li>En cas de panne ou de dysfonctionnement d\u2019un appareil, veuillez nous contacter sans attendre. Nous ferons alors au mieux pour rem\u00e9dier \u00e0 la situation. <strong>Aucun remboursement de d\u00e9pannage ou de r\u00e9paration ne saurait \u00eatre pris en compte sans notre accord.<\/strong><\/li>\n<\/ul>\n\n\n\n<p><strong>Assurances \/ Litiges ou R\u00e9clamations<\/strong><\/p>\n\n\n\n<ul class=\"wp-block-list\">\n<li>Le locataire est responsable des dommages qu&rsquo;il peut occasionner aux biens lou\u00e9s, immobiliers ou non. Pour couvrir ce risque, vous devez\u00a0 v\u00e9rifier aupr\u00e8s de votre compagnie d&rsquo;assurances que votre contrat d&rsquo;habitation principale pr\u00e9voit une extension \u00ab\u00a0Vill\u00e9giature\u00a0\u00bb ou \u00ab\u00a0Extension de vacances\u00a0\u00bb.\u00a0<\/li>\n\n\n\n<li>Dans la mesure du possible, les r\u00e9clamations seront r\u00e9gl\u00e9es \u00e0 l&rsquo;amiable. Mais, \u00e0 d\u00e9faut d&rsquo;accord amiable, entre le propri\u00e9taire et le locataire, tout litige pourra \u00eatre soumis aux instances comp\u00e9tentes.<\/li>\n<\/ul>\n\n\n\n<p><strong>Les chambres&nbsp;:<\/strong><\/p>\n\n\n\n<p>Le linge de lit est fourni et compris dans les frais de location \u00e0 la diff\u00e9rence du linge de maison. Vous pouvez, si vous le souhaitez, lors de votre r\u00e9servation, opter pour ce service.<\/p>\n\n\n\n<p><strong>La lingerie<\/strong><\/p>\n\n\n\n<p>Une lingerie est \u00e0 votre disposition au rez-de-chauss\u00e9e. Vous y trouverez un lave-linge, un s\u00e8che-linge, une table et un fer \u00e0 repasser ainsi que des \u00e9tendoirs \u00e0 linge.<\/p>\n\n\n\n<p><strong>Utilisation du Wifi&nbsp;:<\/strong><\/p>\n\n\n\n<ul class=\"wp-block-list\">\n<li>Le Wifi est accessible et gratuit. Lorsque vous utilisez la connexion Internet, vous vous\u00a0 engagez \u00e0 respecter les lois en mati\u00e8re de t\u00e9l\u00e9chargement et de consultation de sites. En cas de demande de la part des autorit\u00e9s comp\u00e9tentes, nous sommes tenus de transmettre les coordonn\u00e9es du locataire ayant b\u00e9n\u00e9fici\u00e9 de la dite connexion.<\/li>\n\n\n\n<li>Vous vous engagez \u00e9galement \u00e0 ne pas utiliser cette connexion ult\u00e9rieurement, ni \u00e0 transmettre, ni \u00e0 communiquer les codes d\u2019acc\u00e8s \u00e0 quiconque.<\/li>\n\n\n\n<li>Vous d\u00e9clarez sur l\u2019honneur ne pas utiliser la connexion pour des activit\u00e9s \u00e0 des fins r\u00e9pr\u00e9hensibles, immorales ou pouvant entra\u00eener la responsabilit\u00e9 des propri\u00e9taires notamment pour envoyer, recevoir ou acc\u00e9der \u00e0 des contenus illicites au regard du droit fran\u00e7ais.<\/li>\n<\/ul>\n\n\n\n<p><strong>Conditions de r\u00e9servation \/ Dur\u00e9e du s\u00e9jour&nbsp;:<\/strong><\/p>\n\n\n\n<p><strong>EXTRAIT DU SITE<\/strong><\/p>\n\n\n\n<h2 class=\"wp-block-heading\">Les conditions de r\u00e9servation et d&rsquo;annulation :<strong><\/strong><\/h2>\n\n\n\n<ul class=\"wp-block-list\">\n<li>R\u00e8glement de 30% \u00e0 la r\u00e9servation, paiement du solde au plus tard 10 jours avant votre arriv\u00e9e.<\/li>\n\n\n\n<li>La r\u00e9servation devient effective lorsque la totalit\u00e9 du r\u00e8glement est effectu\u00e9e.<\/li>\n\n\n\n<li>En cas d&rsquo;annulation :<ul><li>72h avant l\u2019arriv\u00e9e, remboursement total de votre r\u00e9servation<\/li><\/ul>\n<ul class=\"wp-block-list\">\n<li>Au-del\u00e0, nous garderons les 30% vers\u00e9s \u00e0 la r\u00e9servation<\/li>\n<\/ul>\n<\/li>\n<\/ul>\n\n\n\n<p>Pour plus de pr\u00e9cisions, merci de prendre connaissance de notre r\u00e8glement int\u00e9rieur.<\/p>\n\n\n\n<ul class=\"wp-block-list\">\n<li>La r\u00e9servation devient effective lorsque la totalit\u00e9 du r\u00e8glement est effectu\u00e9e.<\/li>\n\n\n\n<li>Un remboursement total de votre paiement vous sera appliqu\u00e9 jusqu\u2019\u00e0 72h avant l\u2019arriv\u00e9e.<\/li>\n\n\n\n<li>Au-del\u00e0 de 72h avant le d\u00e9but du s\u00e9jour, nous garderons 30% de la valeur de la r\u00e9servation<\/li>\n\n\n\n<li>Vous ne pouvez en aucune circonstance vous pr\u00e9valoir d\u2019un quelconque droit de maintien dans les lieux au-del\u00e0 du s\u00e9jour r\u00e9serv\u00e9 sauf accord avec les propri\u00e9taires.<\/li>\n\n\n\n<li>En cas de s\u00e9jour \u00e9court\u00e9, le prix correspondant au co\u00fbt de l&rsquo;h\u00e9bergement sur la dur\u00e9e compl\u00e8te pr\u00e9vue au pr\u00e9sent contrat reste int\u00e9gralement acquis au propri\u00e9taire.<\/li>\n<\/ul>\n\n\n\n<p><strong>Annulation du s\u00e9jour&nbsp;:<\/strong><\/p>\n\n\n\n<ul class=\"wp-block-list\">\n<li>Toute annulation doit \u00eatre notifi\u00e9e par t\u00e9l\u00e9phone \/ messagerie t\u00e9l\u00e9phonique, par mail ou par courrier dont les propri\u00e9taires auront <strong>accus\u00e9 de r\u00e9ception<\/strong>.<\/li>\n\n\n\n<li>Si le propri\u00e9taire est \u00e0 l&rsquo;origine de l&rsquo;annulation, il doit le notifier, avant le s\u00e9jour,\u00a0 par le biais d&rsquo;une lettre avec avis de r\u00e9ception. Le montant de la r\u00e9servation est alors int\u00e9gralement rembours\u00e9\u00a0 au locataire.\u00a0<\/li>\n\n\n\n<li>Si le client ne se manifeste pas avant 20h le jour pr\u00e9vu du d\u00e9but du s\u00e9jour, le contrat de r\u00e9servation devient nul, la totalit\u00e9 du r\u00e8glement reste int\u00e9gralement acquise au propri\u00e9taire et\u00a0 le g\u00eete redevient libre de location.<\/li>\n<\/ul>\n\n\n\n<p><strong>R\u00e8glement int\u00e9rieur de la piscine&nbsp;:<\/strong><strong><\/strong><\/p>\n\n\n\n<p>Nous vous remercions de bien prendre connaissance de ces r\u00e8gles afin de respecter les consignes de s\u00e9curit\u00e9 et d&rsquo;hygi\u00e8ne dans l&rsquo;int\u00e9r\u00eat de tous.<\/p>\n\n\n\n<ul class=\"wp-block-list\">\n<li>La piscine est accessible de d\u00e9but mai \u00e0 fin septembre\u00a0; elle peut \u00eatre couverte ou d\u00e9couverte selon la m\u00e9t\u00e9o. Pour maintenir une temp\u00e9rature constante agr\u00e9able pour la baignade, elle est chauff\u00e9e par une pompe \u00e0 chaleur, selon les besoins.<\/li>\n\n\n\n<li>D&rsquo;une largeur de 4 m\u00e8tres et d&rsquo;une longueur de 8 m\u00e8tres, elle est profonde de 1m20 \u00e0 l&rsquo;entr\u00e9e du bassin et de 1m50 \u00e0 son extr\u00e9mit\u00e9. Des marches permettent d&rsquo;y entrer progressivement.<\/li>\n\n\n\n<li>La piscine est un espace strictement r\u00e9serv\u00e9 aux occupants du g\u00eete ainsi qu&rsquo;aux propri\u00e9taires\u00a0; aucune personne ext\u00e9rieure n&rsquo;y sera admise.<\/li>\n\n\n\n<li>Le maillot de bain est obligatoire dans la piscine et ses abords. Il vous est conseill\u00e9 d&rsquo;utiliser la cabine install\u00e9e sous le pr\u00e9au pour vous changer en fonction, bien s\u00fbr, de la temp\u00e9rature ext\u00e9rieure. Les serviettes de toilette, mises \u00e0 votre disposition dans le g\u00eete, ne doivent pas servir de drap de bain pour la piscine.<\/li>\n\n\n\n<li>Vous pouvez acc\u00e9der \u00e0 la piscine et \u00e0 ses abords, chaque jour entre 10h-12h et 14h-19h sauf en cas d&rsquo;indication contraire (nettoyage, intemp\u00e9rie). De notre c\u00f4t\u00e9, nous profiterons de cet espace de d\u00e9tente en fin de journ\u00e9e\u00a0(apr\u00e8s 19h) ; notre piscine deviendra alors un espace partag\u00e9 tout en respectant le calme, la relaxation et le bien \u00eatre de tous.<\/li>\n\n\n\n<li>Pour faciliter l&rsquo;entretien et l&rsquo;hygi\u00e8ne de la piscine, nous vous demandons de respecter ces pr\u00e9cieux conseils\u00a0: \u00e9viter l&rsquo;application de cr\u00e8me ou d&rsquo;huile solaire juste avant la baignade, penser \u00e0 la pause toilette avant d&rsquo;acc\u00e9der au bassin et bien s\u00fbr se doucher convenablement avant\u00a0 de rentrer dans l&rsquo;eau.\u00a0<\/li>\n\n\n\n<li>La piscine n&rsquo;est pas un lieu surveill\u00e9\u00a0: la baignade des enfants doit obligatoirement se faire en pr\u00e9sence d&rsquo;un adulte r\u00e9f\u00e9rent (sachant nager) qui veillera aussi \u00e0 son bon d\u00e9roulement.<\/li>\n\n\n\n<li>Il est interdit de courir autour de la piscine, de pousser quelqu&rsquo;un dans l&rsquo;eau, de plonger (\u00e0 cause de la profondeur du bassin) ou de faire des bombes (l&rsquo;eau sortant de fa\u00e7on excessive du bassin). Les objets encombrants ou tranchants ne sont pas autoris\u00e9s dans l&rsquo;eau\u00a0; les premiers peuvent g\u00eaner la tranquillit\u00e9 des autres baigneurs et les seconds risquent d&rsquo;obstruer ou d&rsquo;ab\u00eemer le rev\u00eatement et\/ou le syst\u00e8me de filtration de la piscine.<\/li>\n<\/ul>\n\n\n\n<p>Nous vous remercions de votre pr\u00e9cieuse collaboration.<\/p>\n\n\n\n<p>Nous vous souhaitons de passer un s\u00e9jour le plus agr\u00e9able possible dans notre jolie r\u00e9gion.<\/p>\n\n\n\n<p><strong>&nbsp;&nbsp;&nbsp;&nbsp;&nbsp;&nbsp;&nbsp;&nbsp;&nbsp;&nbsp;&nbsp;&nbsp;&nbsp;&nbsp;&nbsp;&nbsp;&nbsp;&nbsp;&nbsp;&nbsp;&nbsp;&nbsp;&nbsp;&nbsp;&nbsp;&nbsp;&nbsp;&nbsp;&nbsp;&nbsp;&nbsp;&nbsp;&nbsp;&nbsp;&nbsp;&nbsp;&nbsp;&nbsp;&nbsp;&nbsp;&nbsp;&nbsp;&nbsp;&nbsp;&nbsp;&nbsp;&nbsp;&nbsp;&nbsp;&nbsp;&nbsp;&nbsp;&nbsp;&nbsp;&nbsp;&nbsp;&nbsp;&nbsp;&nbsp;&nbsp;&nbsp;&nbsp;&nbsp;&nbsp;&nbsp;&nbsp;&nbsp;&nbsp;&nbsp;&nbsp;&nbsp;&nbsp;&nbsp;&nbsp;&nbsp;&nbsp;&nbsp;&nbsp;&nbsp;&nbsp;&nbsp;&nbsp;&nbsp;&nbsp;&nbsp;&nbsp;&nbsp;&nbsp;&nbsp;&nbsp;&nbsp;&nbsp;&nbsp;&nbsp;&nbsp;&nbsp;&nbsp;&nbsp;&nbsp;&nbsp;&nbsp;&nbsp;&nbsp;&nbsp;&nbsp;&nbsp;&nbsp;&nbsp;&nbsp;&nbsp;&nbsp;&nbsp;&nbsp;&nbsp;&nbsp;&nbsp;&nbsp; <\/strong>Clarisse et Vincent<strong><\/strong><\/p>\n\n\n\n<p><strong>Nos petits et grands \u00e9cogestes<\/strong><strong><\/strong><\/p>\n\n\n\n<p><em>Sauvegarde de la plan\u00e8te, empreinte carbone, protection de l&rsquo;environnement, &#8230;<\/em><em><\/em><\/p>\n\n\n\n<p>Autant de termes (et la liste est loin d&rsquo;\u00eatre exhaustive&#8230;) nous \u00e9voquant des conduites quotidiennes qui permettraient \u00e0 notre Monde d&rsquo;aller mieux&nbsp;!!!<\/p>\n\n\n\n<p>Utopistes, diront certains, non plut\u00f4t id\u00e9alistes, nous avons envie de vous proposer des pratiques et des gestes simples au sein m\u00eame de notre g\u00eete.<\/p>\n\n\n\n<p>Vous trouverez des affichettes ludiques qui semblent uniquement destin\u00e9es \u00e0 un jeune public. Toutefois, les enfants sauront le dire&nbsp;: \u00ab&nbsp;La plan\u00e8te, c&rsquo;est l&rsquo;affaire de tous&nbsp;!&nbsp;\u00bb<\/p>\n\n\n\n<p>Nous vous remercions d&rsquo;avance des petits et grands \u00e9cogestes que vous ferez \u00e0 la Crois\u00e9e des Chemins&#8230;&nbsp;&nbsp;&nbsp;<\/p>\n\n\n\n<p>Petit r\u00e9sum\u00e9 pour ceux qui pr\u00e9f\u00e8rent la lecture&#8230;<\/p>\n\n\n\n<p><strong>Tri des d\u00e9chets<\/strong><strong><\/strong><\/p>\n\n\n\n<p>Trions les d\u00e9chets selon leur cat\u00e9gorie en les mettant dans la bonne poubelle. Certains d\u00e9chets alimentaires (les \u00e9pluchures notamment) pourront \u00eatre donn\u00e9s aux animaux (poules)&nbsp;; merci de les mettre de c\u00f4t\u00e9 dans le seau pr\u00e9vu \u00e0 cet usage.<\/p>\n\n\n\n<p><strong>\u00c9conomie d&rsquo;\u00e9nergies<\/strong><strong><\/strong><\/p>\n\n\n\n<p>\u00c9vitons le gaspillage&#8230;<\/p>\n\n\n\n<ul class=\"wp-block-list\">\n<li>Choisissons la bonne option apr\u00e8s le passage aux toilettes (\u00ab\u00a0\u00c9conomie d&rsquo;eau\u00a0\u00bb suffit la plupart du temps \ud83d\ude09)<\/li>\n\n\n\n<li>Ne laissons pas ouvert le robinet, ni trop longtemps, ni trop fort, au moment de la vaisselle ou de la douche.<\/li>\n\n\n\n<li>\u00c9vitons de laisser les lumi\u00e8res inutilement allum\u00e9es dans une salle inoccup\u00e9e.<\/li>\n\n\n\n<li>\u00c9teignons les radiateurs lorsque les fen\u00eatres sont ouvertes en hiver et pensons \u00e0 les refermer apr\u00e8s une bonne a\u00e9ration des pi\u00e8ces.\u00a0<\/li>\n\n\n\n<li>Utilisons le s\u00e8che-linge uniquement si la m\u00e9t\u00e9o ne permet pas un s\u00e9chage ext\u00e9rieur\u00a0: le linge ne sentira que meilleur\u00a0!\u00a0\u00a0<\/li>\n<\/ul>\n\n\n\n<p>&nbsp;&nbsp;&nbsp;&nbsp;&nbsp;&nbsp;&nbsp;&nbsp;&nbsp;&nbsp;&nbsp;&nbsp;&nbsp;&nbsp;&nbsp;&nbsp;&nbsp;&nbsp;&nbsp;&nbsp;&nbsp;&nbsp;&nbsp;&nbsp;&nbsp;&nbsp;&nbsp;&nbsp;&nbsp;&nbsp;&nbsp;&nbsp;&nbsp;&nbsp;&nbsp;&nbsp;&nbsp;&nbsp;&nbsp;&nbsp;&nbsp;&nbsp;&nbsp;&nbsp;&nbsp;&nbsp;&nbsp;&nbsp;&nbsp;&nbsp;&nbsp;&nbsp;&nbsp;&nbsp;&nbsp;&nbsp;&nbsp;&nbsp;&nbsp;&nbsp;&nbsp;&nbsp;&nbsp;&nbsp;&nbsp;&nbsp;&nbsp;&nbsp;&nbsp;&nbsp;&nbsp;&nbsp;&nbsp;&nbsp;&nbsp;&nbsp;&nbsp;&nbsp;&nbsp;&nbsp;&nbsp;&nbsp;&nbsp;&nbsp;&nbsp;&nbsp;&nbsp;&nbsp;&nbsp;&nbsp;&nbsp;&nbsp;&nbsp; MERCI \u00e0 vous&nbsp;!<\/p>\n\n\n\n<p>&nbsp;&nbsp;&nbsp;&nbsp;&nbsp;&nbsp;&nbsp;&nbsp;&nbsp;&nbsp;&nbsp;&nbsp;&nbsp;&nbsp;&nbsp;&nbsp;&nbsp;&nbsp;&nbsp;&nbsp;&nbsp;&nbsp;&nbsp;&nbsp;&nbsp;&nbsp;&nbsp;&nbsp;&nbsp;&nbsp;&nbsp;&nbsp;&nbsp;&nbsp;&nbsp;&nbsp;&nbsp;&nbsp;&nbsp;&nbsp;&nbsp;&nbsp;&nbsp;&nbsp;&nbsp;&nbsp;&nbsp;&nbsp;&nbsp;&nbsp;&nbsp;&nbsp;&nbsp;&nbsp;&nbsp;&nbsp;&nbsp;&nbsp;&nbsp;&nbsp;&nbsp;&nbsp;&nbsp;&nbsp;&nbsp;&nbsp;&nbsp;&nbsp;&nbsp;&nbsp;&nbsp;&nbsp;&nbsp;&nbsp;&nbsp;&nbsp;&nbsp;&nbsp;&nbsp;&nbsp;&nbsp;&nbsp;&nbsp;&nbsp;&nbsp;&nbsp;&nbsp;&nbsp;&nbsp;&nbsp;&nbsp;&nbsp;&nbsp; Clarisse et Vincent<\/p>\n","protected":false},"excerpt":{"rendered":"<p>R\u00e8glement int\u00e9rieur de notre g\u00eete La Crois\u00e9e des Chemins&nbsp; Nous sommes ravis de vous accueillir au sein de la Crois\u00e9e des Chemins. Nous vous remercions de prendre connaissance de notre r\u00e8glement, indispensable au bon fonctionnement de notre g\u00eete. Nous restons, bien s\u00fbr, \u00e0 votre disposition, pour toute information compl\u00e9mentaire. Arriv\u00e9es&nbsp;\/ D\u00e9parts&nbsp;: &#8211; Les arriv\u00e9es se [&hellip;]<\/p>\n","protected":false},"author":1,"featured_media":0,"parent":0,"menu_order":0,"comment_status":"closed","ping_status":"closed","template":"","meta":{"footnotes":""},"class_list":["post-783","page","type-page","status-publish","hentry","entry"],"yoast_head":"<!-- This site is optimized with the Yoast SEO plugin v25.6 - https:\/\/yoast.com\/wordpress\/plugins\/seo\/ -->\n<title>R\u00e8glement int\u00e9rieur - Wordpress<\/title>\n<meta name=\"robots\" content=\"index, follow, max-snippet:-1, max-image-preview:large, max-video-preview:-1\" \/>\n<link rel=\"canonical\" href=\"https:\/\/lacroiseedeschemins49.fr\/index.php\/reglement-interieur\/\" \/>\n<meta property=\"og:locale\" content=\"fr_FR\" \/>\n<meta property=\"og:type\" content=\"article\" \/>\n<meta property=\"og:title\" content=\"R\u00e8glement int\u00e9rieur - Wordpress\" \/>\n<meta property=\"og:description\" content=\"R\u00e8glement int\u00e9rieur de notre g\u00eete La Crois\u00e9e des Chemins&nbsp; Nous sommes ravis de vous accueillir au sein de la Crois\u00e9e des Chemins. Nous vous remercions de prendre connaissance de notre r\u00e8glement, indispensable au bon fonctionnement de notre g\u00eete. Nous restons, bien s\u00fbr, \u00e0 votre disposition, pour toute information compl\u00e9mentaire. Arriv\u00e9es&nbsp;\/ D\u00e9parts&nbsp;: &#8211; Les arriv\u00e9es se [&hellip;]\" \/>\n<meta property=\"og:url\" content=\"https:\/\/lacroiseedeschemins49.fr\/index.php\/reglement-interieur\/\" \/>\n<meta property=\"og:site_name\" content=\"Wordpress\" \/>\n<meta property=\"article:modified_time\" content=\"2025-04-04T15:17:34+00:00\" \/>\n<meta name=\"twitter:card\" content=\"summary_large_image\" \/>\n<meta name=\"twitter:label1\" content=\"Dur\u00e9e de lecture estim\u00e9e\" \/>\n\t<meta name=\"twitter:data1\" content=\"10 minutes\" \/>\n<script type=\"application\/ld+json\" class=\"yoast-schema-graph\">{\"@context\":\"https:\/\/schema.org\",\"@graph\":[{\"@type\":\"WebPage\",\"@id\":\"https:\/\/lacroiseedeschemins49.fr\/index.php\/reglement-interieur\/\",\"url\":\"https:\/\/lacroiseedeschemins49.fr\/index.php\/reglement-interieur\/\",\"name\":\"R\u00e8glement int\u00e9rieur - Wordpress\",\"isPartOf\":{\"@id\":\"https:\/\/lacroiseedeschemins49.fr\/#website\"},\"datePublished\":\"2025-04-04T15:12:38+00:00\",\"dateModified\":\"2025-04-04T15:17:34+00:00\",\"breadcrumb\":{\"@id\":\"https:\/\/lacroiseedeschemins49.fr\/index.php\/reglement-interieur\/#breadcrumb\"},\"inLanguage\":\"fr-FR\",\"potentialAction\":[{\"@type\":\"ReadAction\",\"target\":[\"https:\/\/lacroiseedeschemins49.fr\/index.php\/reglement-interieur\/\"]}]},{\"@type\":\"BreadcrumbList\",\"@id\":\"https:\/\/lacroiseedeschemins49.fr\/index.php\/reglement-interieur\/#breadcrumb\",\"itemListElement\":[{\"@type\":\"ListItem\",\"position\":1,\"name\":\"Accueil\",\"item\":\"https:\/\/lacroiseedeschemins49.fr\/\"},{\"@type\":\"ListItem\",\"position\":2,\"name\":\"R\u00e8glement int\u00e9rieur\"}]},{\"@type\":\"WebSite\",\"@id\":\"https:\/\/lacroiseedeschemins49.fr\/#website\",\"url\":\"https:\/\/lacroiseedeschemins49.fr\/\",\"name\":\"Wordpress\",\"description\":\"La Crois\u00e9e des Chemins\",\"publisher\":{\"@id\":\"https:\/\/lacroiseedeschemins49.fr\/#organization\"},\"potentialAction\":[{\"@type\":\"SearchAction\",\"target\":{\"@type\":\"EntryPoint\",\"urlTemplate\":\"https:\/\/lacroiseedeschemins49.fr\/?s={search_term_string}\"},\"query-input\":{\"@type\":\"PropertyValueSpecification\",\"valueRequired\":true,\"valueName\":\"search_term_string\"}}],\"inLanguage\":\"fr-FR\"},{\"@type\":\"Organization\",\"@id\":\"https:\/\/lacroiseedeschemins49.fr\/#organization\",\"name\":\"Wordpress\",\"url\":\"https:\/\/lacroiseedeschemins49.fr\/\",\"logo\":{\"@type\":\"ImageObject\",\"inLanguage\":\"fr-FR\",\"@id\":\"https:\/\/lacroiseedeschemins49.fr\/#\/schema\/logo\/image\/\",\"url\":\"https:\/\/lacroiseedeschemins49.fr\/wp-content\/uploads\/2025\/01\/cropped-logo-La-Croisee-des-Chemins-1.jpg\",\"contentUrl\":\"https:\/\/lacroiseedeschemins49.fr\/wp-content\/uploads\/2025\/01\/cropped-logo-La-Croisee-des-Chemins-1.jpg\",\"width\":1147,\"height\":435,\"caption\":\"Wordpress\"},\"image\":{\"@id\":\"https:\/\/lacroiseedeschemins49.fr\/#\/schema\/logo\/image\/\"}}]}<\/script>\n<!-- \/ Yoast SEO plugin. -->","yoast_head_json":{"title":"R\u00e8glement int\u00e9rieur - Wordpress","robots":{"index":"index","follow":"follow","max-snippet":"max-snippet:-1","max-image-preview":"max-image-preview:large","max-video-preview":"max-video-preview:-1"},"canonical":"https:\/\/lacroiseedeschemins49.fr\/index.php\/reglement-interieur\/","og_locale":"fr_FR","og_type":"article","og_title":"R\u00e8glement int\u00e9rieur - Wordpress","og_description":"R\u00e8glement int\u00e9rieur de notre g\u00eete La Crois\u00e9e des Chemins&nbsp; Nous sommes ravis de vous accueillir au sein de la Crois\u00e9e des Chemins. Nous vous remercions de prendre connaissance de notre r\u00e8glement, indispensable au bon fonctionnement de notre g\u00eete. Nous restons, bien s\u00fbr, \u00e0 votre disposition, pour toute information compl\u00e9mentaire. Arriv\u00e9es&nbsp;\/ D\u00e9parts&nbsp;: &#8211; Les arriv\u00e9es se [&hellip;]","og_url":"https:\/\/lacroiseedeschemins49.fr\/index.php\/reglement-interieur\/","og_site_name":"Wordpress","article_modified_time":"2025-04-04T15:17:34+00:00","twitter_card":"summary_large_image","twitter_misc":{"Dur\u00e9e de lecture estim\u00e9e":"10 minutes"},"schema":{"@context":"https:\/\/schema.org","@graph":[{"@type":"WebPage","@id":"https:\/\/lacroiseedeschemins49.fr\/index.php\/reglement-interieur\/","url":"https:\/\/lacroiseedeschemins49.fr\/index.php\/reglement-interieur\/","name":"R\u00e8glement int\u00e9rieur - Wordpress","isPartOf":{"@id":"https:\/\/lacroiseedeschemins49.fr\/#website"},"datePublished":"2025-04-04T15:12:38+00:00","dateModified":"2025-04-04T15:17:34+00:00","breadcrumb":{"@id":"https:\/\/lacroiseedeschemins49.fr\/index.php\/reglement-interieur\/#breadcrumb"},"inLanguage":"fr-FR","potentialAction":[{"@type":"ReadAction","target":["https:\/\/lacroiseedeschemins49.fr\/index.php\/reglement-interieur\/"]}]},{"@type":"BreadcrumbList","@id":"https:\/\/lacroiseedeschemins49.fr\/index.php\/reglement-interieur\/#breadcrumb","itemListElement":[{"@type":"ListItem","position":1,"name":"Accueil","item":"https:\/\/lacroiseedeschemins49.fr\/"},{"@type":"ListItem","position":2,"name":"R\u00e8glement int\u00e9rieur"}]},{"@type":"WebSite","@id":"https:\/\/lacroiseedeschemins49.fr\/#website","url":"https:\/\/lacroiseedeschemins49.fr\/","name":"Wordpress","description":"La Crois\u00e9e des Chemins","publisher":{"@id":"https:\/\/lacroiseedeschemins49.fr\/#organization"},"potentialAction":[{"@type":"SearchAction","target":{"@type":"EntryPoint","urlTemplate":"https:\/\/lacroiseedeschemins49.fr\/?s={search_term_string}"},"query-input":{"@type":"PropertyValueSpecification","valueRequired":true,"valueName":"search_term_string"}}],"inLanguage":"fr-FR"},{"@type":"Organization","@id":"https:\/\/lacroiseedeschemins49.fr\/#organization","name":"Wordpress","url":"https:\/\/lacroiseedeschemins49.fr\/","logo":{"@type":"ImageObject","inLanguage":"fr-FR","@id":"https:\/\/lacroiseedeschemins49.fr\/#\/schema\/logo\/image\/","url":"https:\/\/lacroiseedeschemins49.fr\/wp-content\/uploads\/2025\/01\/cropped-logo-La-Croisee-des-Chemins-1.jpg","contentUrl":"https:\/\/lacroiseedeschemins49.fr\/wp-content\/uploads\/2025\/01\/cropped-logo-La-Croisee-des-Chemins-1.jpg","width":1147,"height":435,"caption":"Wordpress"},"image":{"@id":"https:\/\/lacroiseedeschemins49.fr\/#\/schema\/logo\/image\/"}}]}},"_links":{"self":[{"href":"https:\/\/lacroiseedeschemins49.fr\/index.php\/wp-json\/wp\/v2\/pages\/783","targetHints":{"allow":["GET"]}}],"collection":[{"href":"https:\/\/lacroiseedeschemins49.fr\/index.php\/wp-json\/wp\/v2\/pages"}],"about":[{"href":"https:\/\/lacroiseedeschemins49.fr\/index.php\/wp-json\/wp\/v2\/types\/page"}],"author":[{"embeddable":true,"href":"https:\/\/lacroiseedeschemins49.fr\/index.php\/wp-json\/wp\/v2\/users\/1"}],"replies":[{"embeddable":true,"href":"https:\/\/lacroiseedeschemins49.fr\/index.php\/wp-json\/wp\/v2\/comments?post=783"}],"version-history":[{"count":2,"href":"https:\/\/lacroiseedeschemins49.fr\/index.php\/wp-json\/wp\/v2\/pages\/783\/revisions"}],"predecessor-version":[{"id":786,"href":"https:\/\/lacroiseedeschemins49.fr\/index.php\/wp-json\/wp\/v2\/pages\/783\/revisions\/786"}],"wp:attachment":[{"href":"https:\/\/lacroiseedeschemins49.fr\/index.php\/wp-json\/wp\/v2\/media?parent=783"}],"curies":[{"name":"wp","href":"https:\/\/api.w.org\/{rel}","templated":true}]}}